{"id":2340,"date":"2020-01-21T15:45:35","date_gmt":"2020-01-21T12:45:35","guid":{"rendered":"https:\/\/www.univ-chlef.dz\/ft\/?page_id=2340"},"modified":"2020-01-23T20:56:34","modified_gmt":"2020-01-23T17:56:34","slug":"planning-des-examens-des-semestres-impairs-2019-2020","status":"publish","type":"page","link":"https:\/\/ft.univ-chlef.dz\/?page_id=2340","title":{"rendered":"Planning des examens des semestres impairs 2019-2020:"},"content":{"rendered":"<ol>\n<li><strong>D\u00e9partement Electrotechnique<\/strong><\/li>\n<\/ol>\n<ul>\n<li><strong><a href=\"https:\/\/ft.univ-chlef.dz\/wp-content\/uploads\/2020\/01\/EMD01-ELT-19-20-LMD-L2-L3.pdf\"><span style=\"color: #ff0000;\">Licence (L2 et L3)<\/span><\/a> <\/strong><\/li>\n<li><a href=\"https:\/\/ft.univ-chlef.dz\/wp-content\/uploads\/2020\/01\/EMD01-ELT-19-20-LMD-M1-M2.pdf\"><strong><span style=\"color: #ff0000;\">Master (M1 et M2)<\/span><\/strong><\/a><\/li>\n<\/ul>\n<ol start=\"2\">\n<li><strong>D\u00e9partement Electronique<\/strong><\/li>\n<li><strong>D\u00e9partement G\u00e9nie des proc\u00e9d\u00e9s<\/strong><\/li>\n<li><strong>D\u00e9partement G\u00e9nie M\u00e9canique<\/strong><\/li>\n<li><span style=\"color: #ff0000;\"><a style=\"color: #ff0000;\" href=\"https:\/\/ft.univ-chlef.dz\/wp-content\/uploads\/2020\/01\/exam-1st-s1-2019-2020.pdf\"><strong>D\u00e9partement Tronc commun Sciences et Technologie (1<sup>ere <\/sup>ST)<\/strong><\/a><\/span><\/li>\n<\/ol>\n","protected":false},"excerpt":{"rendered":"<p>D\u00e9partement Electrotechnique Licence (L2 et L3) Master (M1 et M2) D\u00e9partement Electronique D\u00e9partement G\u00e9nie des proc\u00e9d\u00e9s D\u00e9partement G\u00e9nie M\u00e9canique D\u00e9partement [&hellip;]<\/p>\n","protected":false},"author":6,"featured_media":0,"parent":0,"menu_order":0,"comment_status":"closed","ping_status":"closed","template":"","meta":{"_uag_custom_page_level_css":"","site-sidebar-layout":"default","site-content-layout":"","ast-site-content-layout":"default","site-content-style":"default","site-sidebar-style":"default","ast-global-header-display":"","ast-banner-title-visibility":"","ast-main-header-display":"","ast-hfb-above-header-display":"","ast-hfb-below-header-display":"","ast-hfb-mobile-header-display":"","site-post-title":"","ast-breadcrumbs-content":"","ast-featured-img":"","footer-sml-layout":"","ast-disable-related-posts":"","theme-transparent-header-meta":"","adv-header-id-meta":"","stick-header-meta":"","header-above-stick-meta":"","header-main-stick-meta":"","header-below-stick-meta":"","astra-migrate-meta-layouts":"default","ast-page-background-enabled":"default","ast-page-background-meta":{"desktop":{"background-color":"var(--ast-global-color-5)","background-image":"","background-repeat":"repeat","background-position":"center center","background-size":"auto","background-attachment":"scroll","background-type":"","background-media":"","overlay-type":"","overlay-color":"","overlay-opacity":"","overlay-gradient":""},"tablet":{"background-color":"","background-image":"","background-repeat":"repeat","background-position":"center center","background-size":"auto","background-attachment":"scroll","background-type":"","background-media":"","overlay-type":"","overlay-color":"","overlay-opacity":"","overlay-gradient":""},"mobile":{"background-color":"","background-image":"","background-repeat":"repeat","background-position":"center center","background-size":"auto","background-attachment":"scroll","background-type":"","background-media":"","overlay-type":"","overlay-color":"","overlay-opacity":"","overlay-gradient":""}},"ast-content-background-meta":{"desktop":{"background-color":"var(--ast-global-color-4)","background-image":"","background-repeat":"repeat","background-position":"center center","background-size":"auto","background-attachment":"scroll","background-type":"","background-media":"","overlay-type":"","overlay-color":"","overlay-opacity":"","overlay-gradient":""},"tablet":{"background-color":"var(--ast-global-color-4)","background-image":"","background-repeat":"repeat","background-position":"center center","background-size":"auto","background-attachment":"scroll","background-type":"","background-media":"","overlay-type":"","overlay-color":"","overlay-opacity":"","overlay-gradient":""},"mobile":{"background-color":"var(--ast-global-color-4)","background-image":"","background-repeat":"repeat","background-position":"center center","background-size":"auto","background-attachment":"scroll","background-type":"","background-media":"","overlay-type":"","overlay-color":"","overlay-opacity":"","overlay-gradient":""}},"footnotes":""},"class_list":["post-2340","page","type-page","status-publish","hentry"],"uagb_featured_image_src":{"full":false,"thumbnail":false,"medium":false,"medium_large":false,"large":false,"1536x1536":false,"2048x2048":false},"uagb_author_info":{"display_name":"","author_link":"https:\/\/ft.univ-chlef.dz\/?author=6"},"uagb_comment_info":0,"uagb_excerpt":"D\u00e9partement Electrotechnique Licence (L2 et L3) Master (M1 et M2) D\u00e9partement Electronique D\u00e9partement G\u00e9nie des proc\u00e9d\u00e9s D\u00e9partement G\u00e9nie M\u00e9canique D\u00e9partement [&hellip;]","_links":{"self":[{"href":"https:\/\/ft.univ-chlef.dz\/index.php?rest_route=\/wp\/v2\/pages\/2340","targetHints":{"allow":["GET"]}}],"collection":[{"href":"https:\/\/ft.univ-chlef.dz\/index.php?rest_route=\/wp\/v2\/pages"}],"about":[{"href":"https:\/\/ft.univ-chlef.dz\/index.php?rest_route=\/wp\/v2\/types\/page"}],"author":[{"embeddable":true,"href":"https:\/\/ft.univ-chlef.dz\/index.php?rest_route=\/wp\/v2\/users\/6"}],"replies":[{"embeddable":true,"href":"https:\/\/ft.univ-chlef.dz\/index.php?rest_route=%2Fwp%2Fv2%2Fcomments&post=2340"}],"version-history":[{"count":0,"href":"https:\/\/ft.univ-chlef.dz\/index.php?rest_route=\/wp\/v2\/pages\/2340\/revisions"}],"wp:attachment":[{"href":"https:\/\/ft.univ-chlef.dz\/index.php?rest_route=%2Fwp%2Fv2%2Fmedia&parent=2340"}],"curies":[{"name":"wp","href":"https:\/\/api.w.org\/{rel}","templated":true}]}}