{"id":2571,"date":"2020-04-06T13:07:13","date_gmt":"2020-04-06T10:07:13","guid":{"rendered":"https:\/\/www.univ-chlef.dz\/ft\/?page_id=2571"},"modified":"2024-12-04T11:12:42","modified_gmt":"2024-12-04T08:12:42","slug":"les-cours-de-genie-mecanique","status":"publish","type":"page","link":"https:\/\/ft.univ-chlef.dz\/?page_id=2571","title":{"rendered":"Les cours de G\u00e9nie M\u00e9canique"},"content":{"rendered":"<ul>\n<li><strong><span style=\"color: #ff0000;\">Cours de Notions de mesures \u00e9lectriques et \u00e9lectroniques:<\/span><\/strong><\/li>\n<\/ul>\n<p style=\"padding-left: 160px;\"><strong><span style=\"color: #0000ff;\"><a style=\"color: #0000ff;\" href=\"https:\/\/ft.univ-chlef.dz\/wp-content\/uploads\/2020\/10\/Chapitre-1.pdf\">Chapitre 1<\/a><\/span>\u00a0\u00a0 <span style=\"color: #0000ff;\"><a style=\"color: #0000ff;\" href=\"https:\/\/ft.univ-chlef.dz\/wp-content\/uploads\/2020\/10\/Chapitre-2.pdf\">Chapitre 2<\/a><\/span>\u00a0\u00a0 <span style=\"color: #0000ff;\"><a style=\"color: #0000ff;\" href=\"https:\/\/ft.univ-chlef.dz\/wp-content\/uploads\/2020\/10\/Chapitre-3.pdf\">Chapitre 3\u00a0<\/a><\/span>\u00a0 <span style=\"color: #0000ff;\"><a style=\"color: #0000ff;\" href=\"https:\/\/ft.univ-chlef.dz\/wp-content\/uploads\/2020\/10\/chapitre4.pdf\">Chapitre 4<\/a><\/span>\u00a0\u00a0 <span style=\"color: #0000ff;\"><a style=\"color: #0000ff;\" href=\"https:\/\/ft.univ-chlef.dz\/wp-content\/uploads\/2020\/10\/Chapitre-5.pdf\">Chapitre 5<\/a><\/span><\/strong><\/p>\n<ul>\n<li><span style=\"color: #ff0000;\"><strong>Cours de Syst\u00e8mes de conversion d&rsquo;\u00e9nergie:<\/strong><\/span><\/li>\n<\/ul>\n<p style=\"padding-left: 160px;\"><strong><span style=\"color: #0000ff;\"><a style=\"color: #0000ff;\" href=\"https:\/\/ft.univ-chlef.dz\/wp-content\/uploads\/2020\/10\/Chap-1_Conversion.pdf\">Chapitre 1<\/a>\u00a0\u00a0 <a style=\"color: #0000ff;\" href=\"https:\/\/ft.univ-chlef.dz\/wp-content\/uploads\/2020\/10\/Chapitre-2_conversion.pdf\">Chapitre 2<\/a>\u00a0\u00a0 <a href=\"https:\/\/ft.univ-chlef.dz\/wp-content\/uploads\/2020\/10\/Chapitre-3_conversion.pdf\"><span style=\"color: #0000ff;\">Chapitre 3<\/span><\/a><\/span><\/strong><\/p>\n<ul>\n<li><strong><a href=\"https:\/\/ft.univ-chlef.dz\/wp-content\/uploads\/2020\/04\/conversion-denergie-cours-2.pdf\"><span style=\"color: #ff0000;\">Cours de conversion d\u2019\u00e9nergie<\/span> <span style=\"color: #0000ff;\">(UEF 3.1.1) (L3 Energ\u00e9tique, Dr. Amar ZERROUT)<\/span><\/a><\/strong><\/li>\n<li><strong><a href=\"https:\/\/ft.univ-chlef.dz\/wp-content\/uploads\/2020\/04\/Cours-Systemes-Hydrauliques-et-Pneumatiques.pdf\"><span style=\"color: #ff0000;\">Cours de Syst\u00e8mes Hydrauliques et Pneumatiques<\/span> <span style=\"color: #0000ff;\">(UED 3.1) (L3 Construction M\u00e9canique, Dr Amar ZERROUT)<\/span><\/a><\/strong><\/li>\n<li><strong><a href=\"https:\/\/ft.univ-chlef.dz\/wp-content\/uploads\/2020\/04\/Polycopi\u00e9-M\u00e9canique-Analytique-Mendas.pdf\"><span style=\"color: #ff0000;\">Cours MECANIQUE ANALYTIQUE<\/span> <span style=\"color: #0000ff;\">(L3 G\u00e9nie M\u00e9canique, Option : Construction M\u00e9canique, Dr. MENDAS Mohammed Ma\u00eetre de Conf\u00e9rences A)<\/span><\/a><\/strong><\/li>\n<li><strong><a href=\"https:\/\/ft.univ-chlef.dz\/wp-content\/uploads\/2020\/04\/Polycopi\u00e9_MDF1.pdf\"><span style=\"color: #ff0000;\">Cours MECANIQUE DES FLUIDES I<\/span> <span style=\"color: #0000ff;\">(L2 G\u00e9nie m\u00e9canique, Dr. M\u2019hamed BERIACHE Ma\u00eetre de Conf\u00e9rences A)<\/span><\/a><\/strong><\/li>\n<li><strong><a href=\"https:\/\/ft.univ-chlef.dz\/wp-content\/uploads\/2020\/04\/Polycopi\u00e9_MDF2.pdf\"><span style=\"color: #ff0000;\">Cours MECANIQUE DES FLUIDES II<\/span> <span style=\"color: #0000ff;\">(L3 Energ\u00e9tique, Dr. M\u2019hamed BERIACHE Ma\u00eetre de Conf\u00e9rences A)<\/span><\/a><\/strong><\/li>\n<li><strong><a href=\"https:\/\/ft.univ-chlef.dz\/wp-content\/uploads\/2020\/11\/RDM2_Hadj-Miloud.pdf\"><span style=\"color: #ff0000;\">Cours RESISTANCE DES MATERIAUX-2<\/span> <span style=\"color: #0000ff;\">(L3 construction m\u00e9canique, Dr. M. HADJ MILOUD)<\/span><\/a><\/strong><\/li>\n<li><strong><a href=\"https:\/\/ft.univ-chlef.dz\/wp-content\/uploads\/2020\/04\/Enonc\u00e9s-TP-RDM-L2-GM-1.pdf\"><span style=\"color: #ff0000;\">Travaux Pratiques: R\u00e9sistance des mat\u00e9riaux<\/span> <span style=\"color: #0000ff;\">(L2 G\u00e9nie m\u00e9canique, Ibrahim ZIDANE)<\/span><\/a><\/strong><\/li>\n<li><strong><a href=\"https:\/\/ft.univ-chlef.dz\/wp-content\/uploads\/2020\/05\/cours-construction-mecanique-m1elmmi.zip\"><span style=\"color: #ff0000;\">Cours construction m\u00e9canique<\/span> <span style=\"color: #0000ff;\">(Master1 ELM et MI Prof. Mohammed Hadj Meliani)<\/span><\/a><\/strong><\/li>\n<li><strong><a href=\"https:\/\/ft.univ-chlef.dz\/wp-content\/uploads\/2020\/05\/cours-projet-professionnel-et-pedagogique.zip\"><span style=\"color: #ff0000;\">cours projet professionnel et p\u00e9dagogique<\/span> <span style=\"color: #0000ff;\">(Prof. Mohammed Hadj Meliani)<\/span><\/a><\/strong><\/li>\n<li><strong><a href=\"https:\/\/ft.univ-chlef.dz\/wp-content\/uploads\/2020\/05\/cours-reparation-et-intervention-l3-elm-mi-partie1.rar\"><span style=\"color: #ff0000;\">cours reparation et intervention Partie 1<\/span> <span style=\"color: #0000ff;\">(Licence 3 ELM et MI Prof Mohammed Hadj Meliani)<\/span><\/a><\/strong><\/li>\n<li><strong><a href=\"https:\/\/ft.univ-chlef.dz\/wp-content\/uploads\/2020\/05\/cours-reparation-et-intervention-l3-elm-mi-partie2.rar\"><span style=\"color: #ff0000;\">cours reparation et intervention Partie 2<\/span> <span style=\"color: #0000ff;\">(Licence 3 ELM et MI Prof Mohammed Hadj Meliani)<\/span><\/a><\/strong><\/li>\n<li><strong><a href=\"https:\/\/ft.univ-chlef.dz\/wp-content\/uploads\/2020\/05\/cours-reparation-et-intervention-l3-elm-mi-partie3.rar\"><span style=\"color: #ff0000;\">cours reparation et intervention Partie 3<\/span> <span style=\"color: #0000ff;\">(Licence 3 ELM et MI Prof Mohammed Hadj Meliani)<\/span><\/a><\/strong><\/li>\n<li><strong><a href=\"https:\/\/ft.univ-chlef.dz\/wp-content\/uploads\/2020\/05\/cours-reparation-et-intervention-l3-elm-mi-partie4.rar\"><span style=\"color: #ff0000;\">cours reparation et intervention Partie 4<\/span> <span style=\"color: #0000ff;\">(Licence 3 ELM et MI Prof Mohammed Hadj Meliani)<\/span><\/a><\/strong><\/li>\n<\/ul>\n<p><strong><span style=\"color: #0000ff; font-family: courier new,courier,monospace; font-size: 14pt;\">Pour l&rsquo;acc\u00e8s moodle (plateforme p\u00e9dagogique de l&rsquo;universit\u00e9 UHBC) <\/span><span style=\"color: #ff0000;\"><a style=\"color: #ff0000;\" href=\"https:\/\/moodle.univ-chlef.dz\/fr\/course\/index.php?categoryid=7\">Cliquer ici<\/a><\/span><\/strong><\/p>\n","protected":false},"excerpt":{"rendered":"<p>Cours de Notions de mesures \u00e9lectriques et \u00e9lectroniques: Chapitre 1\u00a0\u00a0 Chapitre 2\u00a0\u00a0 Chapitre 3\u00a0\u00a0 Chapitre 4\u00a0\u00a0 Chapitre 5 Cours de [&hellip;]<\/p>\n","protected":false},"author":6,"featured_media":0,"parent":0,"menu_order":0,"comment_status":"closed","ping_status":"closed","template":"","meta":{"_uag_custom_page_level_css":"","site-sidebar-layout":"default","site-content-layout":"","ast-site-content-layout":"default","site-content-style":"default","site-sidebar-style":"default","ast-global-header-display":"","ast-banner-title-visibility":"","ast-main-header-display":"","ast-hfb-above-header-display":"","ast-hfb-below-header-display":"","ast-hfb-mobile-header-display":"","site-post-title":"","ast-breadcrumbs-content":"","ast-featured-img":"","footer-sml-layout":"","ast-disable-related-posts":"","theme-transparent-header-meta":"","adv-header-id-meta":"","stick-header-meta":"","header-above-stick-meta":"","header-main-stick-meta":"","header-below-stick-meta":"","astra-migrate-meta-layouts":"default","ast-page-background-enabled":"default","ast-page-background-meta":{"desktop":{"background-color":"var(--ast-global-color-5)","background-image":"","background-repeat":"repeat","background-position":"center center","background-size":"auto","background-attachment":"scroll","background-type":"","background-media":"","overlay-type":"","overlay-color":"","overlay-opacity":"","overlay-gradient":""},"tablet":{"background-color":"","background-image":"","background-repeat":"repeat","background-position":"center center","background-size":"auto","background-attachment":"scroll","background-type":"","background-media":"","overlay-type":"","overlay-color":"","overlay-opacity":"","overlay-gradient":""},"mobile":{"background-color":"","background-image":"","background-repeat":"repeat","background-position":"center center","background-size":"auto","background-attachment":"scroll","background-type":"","background-media":"","overlay-type":"","overlay-color":"","overlay-opacity":"","overlay-gradient":""}},"ast-content-background-meta":{"desktop":{"background-color":"var(--ast-global-color-4)","background-image":"","background-repeat":"repeat","background-position":"center center","background-size":"auto","background-attachment":"scroll","background-type":"","background-media":"","overlay-type":"","overlay-color":"","overlay-opacity":"","overlay-gradient":""},"tablet":{"background-color":"var(--ast-global-color-4)","background-image":"","background-repeat":"repeat","background-position":"center center","background-size":"auto","background-attachment":"scroll","background-type":"","background-media":"","overlay-type":"","overlay-color":"","overlay-opacity":"","overlay-gradient":""},"mobile":{"background-color":"var(--ast-global-color-4)","background-image":"","background-repeat":"repeat","background-position":"center center","background-size":"auto","background-attachment":"scroll","background-type":"","background-media":"","overlay-type":"","overlay-color":"","overlay-opacity":"","overlay-gradient":""}},"footnotes":""},"class_list":["post-2571","page","type-page","status-publish","hentry"],"uagb_featured_image_src":{"full":false,"thumbnail":false,"medium":false,"medium_large":false,"large":false,"1536x1536":false,"2048x2048":false},"uagb_author_info":{"display_name":"","author_link":"https:\/\/ft.univ-chlef.dz\/?author=6"},"uagb_comment_info":0,"uagb_excerpt":"Cours de Notions de mesures \u00e9lectriques et \u00e9lectroniques: Chapitre 1\u00a0\u00a0 Chapitre 2\u00a0\u00a0 Chapitre 3\u00a0\u00a0 Chapitre 4\u00a0\u00a0 Chapitre 5 Cours de [&hellip;]","_links":{"self":[{"href":"https:\/\/ft.univ-chlef.dz\/index.php?rest_route=\/wp\/v2\/pages\/2571","targetHints":{"allow":["GET"]}}],"collection":[{"href":"https:\/\/ft.univ-chlef.dz\/index.php?rest_route=\/wp\/v2\/pages"}],"about":[{"href":"https:\/\/ft.univ-chlef.dz\/index.php?rest_route=\/wp\/v2\/types\/page"}],"author":[{"embeddable":true,"href":"https:\/\/ft.univ-chlef.dz\/index.php?rest_route=\/wp\/v2\/users\/6"}],"replies":[{"embeddable":true,"href":"https:\/\/ft.univ-chlef.dz\/index.php?rest_route=%2Fwp%2Fv2%2Fcomments&post=2571"}],"version-history":[{"count":0,"href":"https:\/\/ft.univ-chlef.dz\/index.php?rest_route=\/wp\/v2\/pages\/2571\/revisions"}],"wp:attachment":[{"href":"https:\/\/ft.univ-chlef.dz\/index.php?rest_route=%2Fwp%2Fv2%2Fmedia&parent=2571"}],"curies":[{"name":"wp","href":"https:\/\/api.w.org\/{rel}","templated":true}]}}